e
Let q(f) = f + 3. Let s be q(-1). Let a(h) = -25*h + 1. Let k be a(-5). Suppose k = s*m + 2. Is m a composite number?
True
Let c = 18212 - 12358. Is c prime?
False
Is 6/(-6) + 27044 + 0/3 a prime number?
True
Suppose -4*k = -5*c + 10, 2*k - c + 2 = -0*c. Suppose k = 3*b + 6, -2*s + 2*b = -3*b - 180. Is s composite?
True
Let c = 28 + -27. Let p(a) = 20*a + 1. Let z be p(1). Let d = c + z. Is d a composite number?
True
Let l be 4/(8/6) - -1. Suppose h + 2 + 8 = -l*k, h + 18 = -2*k. Is (2 + -3)*(h - -1) composite?
True
Suppose 9 = 4*n - w, 17 = -3*w + 2. Suppose 3692 = 3*z - 2*t, -2*t - 7 - n = 0. Suppose -192 + z = 4*c. Is c a prime number?
False
Let p = -17 + 35. Suppose 0 = -p*g + 9*g + 22689. Is g a prime number?
True
Suppose 0 = -22*b + 25*b - 21219. Is b prime?
False
Let v(j) = -18*j**2 + j - 18. Let y(l) = 18*l**2 + 19. Let p(h) = 4*v(h) + 5*y(h). Is p(-7) prime?
True
Is 1/(4 - 759/(-2658)*-14) a prime number?
True
Suppose 3*k + k - 10 = q, k - 3 = 0. Let s be ((-8)/10)/(q/(-20)). Is -4 + 276/s*14 a composite number?
False
Let k(w) be the second derivative of w**5/20 - 5*w**4/12 + 7*w**3/6 + w**2 + 22*w. Let v be 11/2 - 2/4. Is k(v) composite?
False
Let n = 74 + -69. Suppose 5*b - 2*y = 593, -b + 76 = n*y - 48. Is b a prime number?
False
Suppose -2*p + 1556 = -2*v, 0 = 5*p - 4*v - 560 - 3326. Suppose 3*c - 3*t - p = 0, 3*t + 122 = 4*c - 909. Is c a prime number?
True
Let n(t) = 224*t + 71. Is n(57) prime?
False
Suppose 0 = h - 4*h + 1353. Suppose -248 = -3*j + h. Suppose -3*p = 0, -4*p - j = -u - 30. Is u a prime number?
False
Let j(s) = -3*s - 31. Let o be j(-13). Suppose 789 = -o*q + 11*q. Is q a prime number?
True
Let w be 7 - 4 - ((-4 - -6) + -363). Suppose 0 = -2*p + 9 + 1. Suppose p*j - j = w. Is j prime?
False
Let p = -32569 - -54008. Is p composite?
True
Let k = -559 - -953. Let l = k - -645. Is l a composite number?
False
Suppose -1625 = 4*z - 15277. Is z a composite number?
False
Is ((-12394)/8)/(8/160*-1) a composite number?
True
Let n(g) = 9*g + 1826. Let y be n(0). Suppose -5029 - y = -5*i. Is i a prime number?
False
Let q(x) = -871*x - 440. Is q(-67) a composite number?
False
Let v(l) = 19*l**2 - 5*l + 3. Let j = -23 - -25. Suppose 0 = 3*w - x - j - 7, -5*x + 15 = 0. Is v(w) composite?
True
Let t = 1936 - 1242. Is t a composite number?
True
Let c(h) = 5*h**3 - 4*h**2 + 4*h + 4. Suppose 4*u + w - 23 = 0, u + 4*u - 27 = -3*w. Let k be c(u). Let a = k - 567. Is a prime?
True
Let c(z) = 8*z**2 + z + 16. Let q(j) = -4*j**2 - j - 1. Let o be q(-2). Is c(o) a composite number?
False
Is 479791/91 + 12/21 composite?
False
Let k(b) = -b**2 + 3*b - 4. Let t(y) = y - 1. Let i(g) = -k(g) + 6*t(g). Let x be i(-4). Suppose x*w = -4*w + 114. Is w composite?
False
Let u be (-3)/(-2) - (0 - (-341)/(-2)). Let r = -103 + u. Is r a composite number?
True
Let y(x) = -226*x - 771. Is y(-50) prime?
True
Let j = 4 - 2. Is (13343/44)/(j/8) composite?
False
Let l(a) be the first derivative of -a**2 + 1/3*a**3 + 5 + 13*a. Is l(0) prime?
True
Let d(i) = 4*i**3 - 7*i + 1. Let x be d(6). Let a = x + -242. Is a a composite number?
True
Is 13/(104/12)*(-7460)/(-6) composite?
True
Let t be -1*8/(-12) - 27622/(-3). Suppose 22*s = 14*s + t. Is s a composite number?
False
Is 2/(10/(-15)) - -20484 a prime number?
False
Let g(c) = 4*c - 2. Let h be g(1). Suppose 27 = -2*k + 5*d, 0 = -0*k - h*k - 4*d. Is ((-4466)/(-21))/(k/(-9)) a composite number?
True
Suppose -6 = -4*q + 2, -5*j + 5*q = 0. Suppose 1028 = 6*u - j*u. Is u prime?
True
Let i = 28581 - 9860. Is i a composite number?
True
Suppose 4*j + 292 = 4*y, 2*y - j = 4*j + 152. Suppose 2*x + 1004 = 4*m, 2*x + y = -4*m + 1091. Let a = 94 + m. Is a composite?
False
Suppose 2512*g + 3278 = 2514*g. Is g composite?
True
Let g(q) = -q**3 + 4*q**2 - 5*q + 1. Let n(j) = j**3 - 4*j**2 + 5*j - 1. Let w(k) = -3*g(k) - 4*n(k). Let z be (8 - 252/32) + (-82)/16. Is w(z) prime?
True
Suppose 4*m = 2*w - 10, 0*m + 25 = 5*w - m. Let i be (3/6)/(1/4). Suppose i*b + 249 = w*b. Is b a prime number?
True
Suppose 0 = f + 4*s - 5567, 4*f + 4*s = -s + 22301. Is f a prime number?
False
Suppose 3*u = -2*o + 2734, 1919 - 101 = 2*u - o. Suppose -5*x + b + u - 187 = 0, -x + 153 = 4*b. Is x prime?
False
Let x = 6812 - -1641. Is x prime?
False
Let j = -151 + 66. Suppose 6*f = 10*f + 32. Let v = f - j. Is v composite?
True
Is (2/(-7))/((-4)/632254) composite?
False
Suppose 0*q = -q + 2. Let u be 1304/16 + 1/q. Suppose u = 2*n - 0*n - 5*d, 2*d - 110 = -2*n. Is n a prime number?
False
Let p = 595 + -372. Is p composite?
False
Let b = -32 - -35. Suppose b*r = 2*r - 5*n + 209, -402 = -2*r - 2*n. Is r composite?
False
Let b(o) be the first derivative of -o**3/3 + 2*o**2 - o + 5. Let i be b(3). Suppose -4*w = -i*z + 606, -5*w + 1147 = -2*z + 6*z. Is z prime?
True
Let h(i) be the first derivative of 5*i**4/4 - i**2/2 + i - 13. Is h(2) a composite number?
True
Let y be (0 - 0)/(-4) - 0. Suppose 4*d = -5*f + 2083, 2*f - 841 = -y*f + d. Is f composite?
False
Let w = -730 + 4517. Is w a prime number?
False
Suppose 2*d = -5*l - 5841, -10 = -2*d - 3*d. Let o = -127 - l. Is o a prime number?
False
Suppose 0 = 4*w - 3*w - 3. Let g(i) = 42*i - 7. Is g(w) a composite number?
True
Let c(f) = -25*f**3 - f. Let r be c(-5). Suppose -5*u + 3*x + r = 0, 0 = u - 5*u - 2*x + 2526. Is u composite?
True
Suppose -5*z = 21 - 6. Let h be 5/(-15) - (-620)/z. Let x = h - -326. Is x prime?
False
Is (-85)/34*-127*2 a prime number?
False
Suppose -25 = 5*f, -4*h = 3*f + 2*f + 37. Is 2 + (-3)/h - 888*-6 prime?
False
Let v(b) = 11*b**2 - 6. Let x be v(2). Let w = x - -59. Is w a prime number?
True
Let o(k) = -k**2 - 5*k + 1. Let n be o(-5). Let q be 32/(-3 - n)*-1. Suppose 635 = -3*f + q*f. Is f a composite number?
False
Suppose -4*g = l - 4, -4*l + 8 = -g - 8. Suppose z - 4*j - 22 = g, -4*z - 5*j = -3*j - 16. Suppose 3 = f - z. Is f a prime number?
False
Let a = -247 + 878. Let h = a + -368. Is (h/(-1))/(-2 - -1) a composite number?
False
Let a be 4 + 0/2 + -1. Suppose 5*m - 4*z = -0*z + 5415, 2189 = 2*m + a*z. Is m composite?
False
Let f be (-2)/(-3) - 183/(-9). Is 4/(-3) - (-3325)/f composite?
False
Suppose t - 119 = 2*t. Suppose -6 = -5*s - 11, -s - 1049 = 4*f. Let r = t - f. Is r prime?
False
Let p = -669 - -1294. Let z = 1166 - p. Is z composite?
False
Suppose 2*o + 22 = 2*v + o, -5*v = 4*o - 55. Let w(i) = i - 12. Let t be w(v). Is (8 + t)/((-21)/(-3171)) a composite number?
True
Suppose 126 = -4*x - 4*j + 3082, 3*j - 12 = 0. Let b = x + -428. Is b a composite number?
False
Suppose 0 = 4*p - 3*a + a + 1732, -433 = p - a. Let h = 234 - p. Is h prime?
False
Let j(l) = l**2 - 5*l - 10. Let a be j(6). Is (0 - 898)/((-10 - a) + 4) a prime number?
True
Let f(g) = 21072*g - 109. Is f(3) a prime number?
False
Suppose -18442 = -2*v - 5*x, 2*v + 0*x - 18442 = -4*x. Is v a prime number?
True
Let a(g) = -11*g - 19. Let h be a(-2). Suppose 0 = 4*f + 4*c - 1750 - 5990, -h*f - 4*c = -5809. Is f prime?
True
Let z be (2/3)/(6/243). Suppose -3*b = 5*i - z, -4*i + 4*b + 34 = i. Let j(d) = -d**3 + 15*d**2 - 7. Is j(i) a prime number?
True
Let w(o) = 16*o**2 + 12*o + 9. Is w(7) a composite number?
False
Suppose 6*r - 1127 - 2719 = 0. Is r prime?
True
Let r(d) be the third derivative of 227*d**6/30 - d**3/6 - 19*d**2. Is r(1) a composite number?
False
Suppose -5*r + 52 = -r. Suppose 0 = r*a - 8*a - 1905. Is a a composite number?
True
Suppose -4*t = t - 55. Let u(b) = 6*b + 2*b + 23617 - 23631. Is u(t) prime?
False
Let f = 2324 - 271. Is f a prime number?
True
Let h = -15 - -17. Suppose 0 = 8*s - h*s - 96. Let c = 145 + s. Is c a prime number?
False
Let o = -77 - -68. Is 4066/(-4)*(o - 28/(-4)) composite?
True
Suppose -p + 15 = 4*i, 3*p + 5 = 5*i - 1. Let o = 771 + -457. Suppose 0 = i*j - 1295 + o. Is j a prime number?
False
Let l = -53 + 56. Is (-1)/((l/2658)/((-5)/10)) composite?
False
Let h(t) = t**3 - 20*t**2 - 25*t + 14. Let k be h(27). Suppose 9*p - 11*p = -k. Is p a composite number?
False
Let n(p) = 136*p - 5. Let b be n(-2). Let z = 161 + b. Let v = z + 351. Is v prime?
False
Suppose -34*q - 8564 + 107878 = 0. Is q prime?
False
Suppose 0 = -3*p + 284 + 595. Let h(k) = -7*k + 92. Let t be h(0). Suppose t + p = 5*z. Is z a prime number?
False
Is (12/8)/(12/376)*7 a prime number?
False